the tens digit of y?
2
Suppose -p - 5*o + 897 = 0, 5*p - 7*o = -3*o + 4630. What is the tens digit of p?
2
Let q = 568 - 116. What is the tens digit of q?
5
What is the tens digit of (9 + -6 - 178)/((-1)/2)?
5
Suppose 18 = 4*w - a, 4*a + 10 = 3*w - 10. Suppose -124 = -3*m - 2*z, w*m + 0*z = 4*z + 172. What is the tens digit of m?
4
Let w = 56 - 48. What is the tens digit of (-4)/(16/(-133)) - 2/w?
3
Let b(l) = 7*l**3 - l**2 - 2*l + 2. Let c be b(2). Suppose 3*m + 2*v - 190 = 0, -c = -2*m + m - 4*v. Let u = m - 33. What is the tens digit of u?
3
Let p(q) = 141*q + 125. What is the hundreds digit of p(31)?
4
Let n(p) be the second derivative of -3*p**3 - 8*p + 1/2*p**2 + 0. What is the tens digit of n(-1)?
1
Suppose 0 = -v + 4, v + 8 = 5*p - 2*v. Let q(o) = o**3 - o**2 - o + 7. What is the units digit of q(p)?
1
Let z = -111 - 39. Let n = 251 + z. What is the tens digit of n?
0
What is the tens digit of (261/4)/((-33)/12 + 3)?
6
Suppose -2*p + 2*x - 1926 = 6*x, 2*p = 5*x - 1881. What is the hundreds digit of p/(-7) - 1/7 - 1?
1
Suppose -18*m - 7898 + 26366 = 0. What is the hundreds digit of m?
0
What is the hundreds digit of (12/8)/((-2)/((-1940)/3))?
4
Suppose l - 12 = 3*l. Let t(b) = 2*b**2 + 10*b + 8. What is the units digit of t(l)?
0
Suppose -5*h - 2 = -6*h. Suppose -4*c = -9 - 7. What is the units digit of h - (c + -6) - -22?
6
What is the tens digit of (3 + -1682)*1/(-3)*3?
7
Suppose r + f - 2846 = 0, -f = -r - 1093 + 3931. What is the tens digit of r?
4
Let o = 45 - 0. Let p = o + 41. What is the tens digit of p?
8
Suppose 5*g + 2 = 2*i, 3*g + 14 = -i - 2*g. What is the tens digit of ((-2006)/(-102))/(-1 + i/(-3))?
5
Let s(d) = 5*d**2. Let m be s(-1). Let p = 11 - m. Suppose -p*l = -l - 70. What is the tens digit of l?
1
Let m be ((-4)/(-6))/(2/21). Let k(u) = 9*u + 10*u - 12*u + 13 - 4*u. What is the units digit of k(m)?
4
What is the units digit of 49931/441 + 2/(-9)?
3
Suppose 4*a - u + 1 = 0, 0*a + 2*u = 3*a - 3. Let t = a + -6. What is the units digit of (-231)/(-49) - 2/t?
5
Let a be (-210)/(-9) + 4/6. Let m = 0 + a. Suppose f = -f + m. What is the units digit of f?
2
Let q be 28/10 + (-5)/(-25). Let p = -1 + 5. Suppose q*o - 58 - 75 = -4*h, 0 = -4*o - p. What is the units digit of h?
4
Suppose 3652 = 84*d - 83*d. What is the tens digit of d?
5
Suppose 490 - 3618 = -8*l. What is the units digit of l?
1
Let s be 89472/(-224) - 4/7. Let g = s - -618. What is the units digit of g?
8
Suppose 3 = -f + 143. Suppose -4*r = -4*t - 27 - 73, 4*r + 4*t - f = 0. What is the units digit of 4/r - (-313)/15?
1
Let p be -4*(-889)/(-21) - 1/(-3). Let d = 34 - p. What is the hundreds digit of d?
2
Suppose 5466 = 3*t + 2133. What is the units digit of t?
1
Let p(j) = -j**3 - 4*j**2 - 5*j. Let q be p(-2). Suppose -q*g + 361 = 4*t - t, 0 = -3*g + 2*t + 522. What is the hundreds digit of g?
1
Suppose x = 2586 + 2406. What is the thousands digit of x?
4
Let q = -857 + 1630. What is the hundreds digit of q?
7
Let i(x) = x**2 + 8*x - 7. Suppose w - 2*w - 9 = 0. Let b be i(w). Suppose 0 = -b*v + h + 72, -4*h = h - 20. What is the units digit of v?
8
Suppose 0*v - 89 = -v. Suppose 5*j - 3*x - 100 = 71, -2*j - 5*x + 56 = 0. Suppose -4*c + v = 5*h, -2*h + 3*c + j = -h. What is the tens digit of h?
2
Let o(f) = -31*f - 48. What is the hundreds digit of o(-13)?
3
Let v be (-2)/(-2)*-1 - 12/12. Let t(o) = -11*o**3 - o**2 + 4*o + 3. What is the tens digit of t(v)?
7
Let g(j) = -j**2 + 10*j - 6. Let p be g(4). Let i(d) = -11*d - 1. Let z be i(-4). Let u = z - p. What is the units digit of u?
5
What is the tens digit of 0 - -211*11 - (-82 + 87)?
1
Let o(a) be the third derivative of a**6/120 + 7*a**5/30 + a**4/2 - 4*a**3/3 + 35*a**2. What is the tens digit of o(-11)?
2
Suppose -19*d + 5 = -337. What is the units digit of d?
8
Suppose 3975 = 3*h + 3*u, -4*u + 2851 = 3*h - 1121. What is the units digit of h?
8
Suppose 3*k + 5*f + 4 = 0, 4*f = -2*k + 5*k - 41. Let n = -9 + k. What is the units digit of n - (3 - 39)/4?
7
Let g(r) = r**2 + 4*r. Let k be g(-5). Suppose -o + 3 = 3*n, -k*o + 37 = -4*n + 117. What is the units digit of ((-244)/(-16))/((-3)/o)?
1
Let s(z) be the third derivative of z**5/60 + 5*z**4/8 + 3*z**3/2 + 7*z**2. What is the units digit of s(-17)?
3
Let u(j) = -13*j**3 - 8*j**2 - 2*j + 29. What is the units digit of u(-4)?
1
Suppose -3*y + 8 + 10 = 0. What is the tens digit of (-1 - y/(-3))*73?
7
Suppose 4*h - 40 = 8. Let f(i) = 4*i - 44. What is the units digit of f(h)?
4
Let j(q) = -5*q - 14. Let g be j(-16). Suppose 0 = 4*b - 78 - g. Let v = 66 - b. What is the tens digit of v?
3
Let c = 29 - 21. Suppose p + 1022 = c*p. What is the tens digit of p?
4
Let g = -27 - -38. Suppose 0 = 5*f - g*f + 456. What is the units digit of f?
6
Suppose 5*p + 2*t - 185 = 0, -2*p = t - 50 - 24. Let x be (-26)/3 - 3/9. Let k = x + p. What is the tens digit of k?
2
Let f = -254 - -1401. What is the hundreds digit of f?
1
Let k = -65 + 250. Suppose 0 = -3*q + 2*y + k, 0 = -q + 4*y + 55. What is the tens digit of q?
6
Let g(j) = -4*j + 23. Let b be g(5). Suppose 319 + 5 = b*l. What is the hundreds digit of l?
1
Let i(n) be the second derivative of -n**3/6 - 3*n**2 - 9*n. Let q be i(-6). Suppose 4*r - 20 + 16 = q. What is the units digit of r?
1
Suppose -2*t + 324 = 2*h, 3*h = -5*t + 7*h + 810. Let j = t + -84. What is the units digit of j?
8
Suppose 0 = -25*v + 29*v - 20. Suppose -4*r + 464 = 2*w, -v*r - w = -307 - 273. What is the units digit of r?
6
Let o be ((10/4)/((-10)/20))/(-1). Suppose -o*v = -2*q + 202, 0*q + v - 108 = -q. What is the tens digit of q?
0
Suppose 6*o - 137 = 415. What is the units digit of o?
2
Let l(n) = -n**2 - 19*n - 22. Let k be l(-17). Let o(m) = 10*m + 4. Let q be o(k). Suppose 5*g - q + 29 = 0. What is the units digit of g?
9
Let o = 4740 + -3033. What is the thousands digit of o?
1
Let b be (-4 + (-68)/(-8))*4. Suppose -3*d - 2*p + 20 = 0, -2*d = 5*p - b + 1. Suppose -d*m = 4*a - m - 202, 4*a = -4*m + 204. What is the tens digit of a?
5
Suppose -q + 16*q - 15420 = 0. What is the hundreds digit of q?
0
Let m = 45 - 28. What is the tens digit of m/2*(0 + 6)?
5
Let b(a) = 1. Let j(w) = w - 1. Let i(n) = -2*b(n) - j(n). Let g(o) = 11*o + 2. Let p(x) = -g(x) - 3*i(x). What is the units digit of p(-3)?
5
Suppose -2*w = -0*w + 36. Let s be (-45)/w - (-2)/4. Suppose s*t = -6 + 48. What is the tens digit of t?
1
Suppose 0 = -5*y + 5*d - 472 - 218, 0 = -d. Let u = -94 - y. What is the tens digit of u?
4
Let o(k) = -18 + 51*k + 53*k - 111*k. What is the units digit of o(-24)?
0
Let v be ((-4)/6)/((-4)/24) - 3. Let k(n) = 135*n**2 + 5*n - 4. What is the units digit of k(v)?
6
Suppose 0 = -3*q + b + 70, 5*b + 62 = 2*q + q. Let c = q - 22. Suppose 11 + 53 = c*o. What is the units digit of o?
2
Suppose -159 = -3*j - 0*j + 2*c, -5*c + 15 = 0. Let k = j + -98. Let p = k - -71. What is the units digit of p?
8
Suppose 4*x + 6 = 26. Suppose -2*g = 5*l - 442, -g + x*l + 206 = -0*l. What is the units digit of g?
6
Let r(w) be the third derivative of w**4/24 + 3*w**3/2 + 4*w**2. Let m be r(-7). Suppose m*s = -y + 14, -5*s = 2*y - 10*s - 55. What is the units digit of y?
0
Let y(s) be the third derivative of 1/20*s**5 + 0 + s**2 - 1/24*s**4 + 0*s + 0*s**3. What is the units digit of y(1)?
2
Let o = -30 - -498. Suppose -6*u + o = 96. What is the tens digit of u?
6
Let l(p) = 2*p**3 + 0 - 3*p**3 + 4 + 4*p**2. Let u(b) = b**2 - 6*b + 9. Let m be u(5). What is the units digit of l(m)?
4
Let r(t) be the third derivative of -3*t**4/4 - 3*t**3 + 3*t**2. What is the units digit of r(-5)?
2
Suppose 3*g = -g - 16. Let i(k) = -42*k - 30. What is the hundreds digit of i(g)?
1
Let y(s) = -5*s - 1. Let z(i) = 14*i + 2. Let j(h) = -8*y(h) - 3*z(h). Let t be j(-8). Let l = 9 + t. What is the units digit of l?
7
Let t(x) = -12*x**2 - x - 2. Let v be t(1). Let q be 39/((-1)/(-2) + 1). Let g = q + v. What is the tens digit of g?
1
Let l(a) = 2*a + a - 5*a + 4 - a + a**2. Let h be l(4). Suppose 5*i + 57 = h*i. What is the units digit of i?
9
Let i = 24 - 16. Suppose 3*h = -0*a + 2*a - 20, 2*h + i = a. Suppose 2*q = 44 + a. What is the tens digit of q?
3
Suppose 4*a = 4, 6*q = 2*q + 2*a - 82. What is the tens digit of 5/(q/(-252))*2/6?
2
Suppose 18582 = -70*c + 73*c. What is th